alculate the greatest common divisor of 24330 and 150.
30
Calculate the highest common factor of 288 and 7668.
36
Calculate the highest common divisor of 516 and 16899.
129
What is the highest common divisor of 406 and 4004?
14
What is the greatest common factor of 14421 and 76?
19
Calculate the highest common factor of 4618617 and 2374.
1187
Calculate the greatest common divisor of 2 and 295346.
2
Calculate the highest common factor of 16760 and 176.
8
What is the greatest common divisor of 384 and 398784?
192
Calculate the greatest common divisor of 49 and 388031.
49
Calculate the greatest common divisor of 87770 and 2.
2
What is the greatest common factor of 60816 and 1008?
336
Calculate the highest common factor of 645 and 160.
5
Calculate the greatest common factor of 72 and 10715400.
72
Calculate the greatest common divisor of 7632 and 1992.
24
What is the greatest common factor of 34662 and 106?
106
Calculate the greatest common factor of 1766 and 3.
1
Calculate the greatest common divisor of 420 and 276.
12
What is the greatest common divisor of 159632 and 11?
11
Calculate the greatest common divisor of 413226 and 990.
198
What is the greatest common factor of 300 and 250575?
75
Calculate the greatest common factor of 9650 and 3010.
10
Calculate the highest common factor of 52665 and 15.
15
What is the greatest common factor of 346445 and 297?
11
What is the highest common divisor of 268 and 501428?
268
Calculate the greatest common divisor of 721 and 3.
1
What is the greatest common divisor of 12 and 305268?
12
Calculate the greatest common factor of 8608 and 1696.
32
Calculate the greatest common factor of 79408 and 16016.
112
Calculate the highest common factor of 768 and 26064.
48
Calculate the highest common factor of 105 and 1108506.
21
What is the highest common divisor of 3448230 and 10?
10
What is the highest common factor of 1650 and 154350?
150
What is the greatest common factor of 434 and 2611?
7
Calculate the greatest common divisor of 23926 and 70.
14
Calculate the highest common divisor of 33024 and 11184.
48
What is the highest common factor of 92263 and 2513?
359
Calculate the highest common divisor of 54 and 7158.
6
Calculate the greatest common factor of 455 and 780.
65
Calculate the highest common factor of 202 and 75649.
101
Calculate the greatest common divisor of 1920 and 18944.
128
What is the greatest common factor of 47660 and 212?
4
What is the greatest common divisor of 3346 and 11575487?
1673
What is the highest common factor of 234280 and 15?
5
Calculate the highest common divisor of 154466 and 73120.
914
Calculate the highest common factor of 41695 and 651.
31
What is the greatest common factor of 5140 and 329988?
1028
What is the highest common divisor of 140 and 54005?
35
Calculate the greatest common factor of 1536 and 11904.
384
Calculate the highest common factor of 339976 and 10274.
934
What is the greatest common divisor of 6310 and 50?
10
What is the greatest common factor of 296463 and 34?
17
Calculate the greatest common divisor of 48 and 839076.
12
Calculate the highest common divisor of 854 and 95221.
427
What is the highest common divisor of 535 and 21495?
5
What is the greatest common divisor of 29456 and 320?
16
What is the greatest common divisor of 348 and 183164?
116
What is the greatest common factor of 13542 and 17202?
366
What is the greatest common factor of 11622 and 780?
78
Calculate the greatest common divisor of 39837 and 589967.
1897
Calculate the greatest common factor of 4036 and 220.
4
What is the highest common factor of 10996 and 8?
4
Calculate the highest common divisor of 56715 and 30.
15
What is the highest common factor of 50 and 146770?
10
Calculate the highest common factor of 331 and 1313077.
331
Calculate the greatest common divisor of 3277 and 9153.
113
What is the highest common factor of 583678 and 6?
2
Calculate the greatest common factor of 1840 and 136.
8
What is the highest common factor of 14253 and 11?
1
Calculate the greatest common factor of 582 and 131338.
194
Calculate the highest common factor of 1980 and 1438140.
660
Calculate the highest common divisor of 960 and 26720.
160
What is the greatest common divisor of 65 and 66131?
13
What is the highest common factor of 704 and 26851?
11
Calculate the highest common factor of 13252 and 1292.
4
What is the greatest common divisor of 70822 and 3281?
17
Calculate the highest common divisor of 153989 and 11.
11
Calculate the highest common divisor of 40515 and 222.
111
What is the greatest common divisor of 2141964 and 1296?
324
Calculate the greatest common divisor of 871121 and 1093.
1093
What is the greatest common divisor of 292543 and 692?
173
What is the greatest common divisor of 695 and 248949?
139
Calculate the greatest common factor of 48 and 1651656.
24
Calculate the highest common factor of 864 and 20640.
96
Calculate the greatest common divisor of 40 and 1565.
5
What is the greatest common factor of 18 and 1987?
1
Calculate the greatest common divisor of 143637 and 117.
39
What is the highest common factor of 297 and 19089?
27
What is the highest common factor of 78 and 233922?
78
Calculate the highest common divisor of 22814 and 13772.
22
Calculate the highest common factor of 1964014 and 26.
26
Calculate the greatest common factor of 1890526 and 22.
22
Calculate the greatest common divisor of 278240 and 1110.
370
Calculate the highest common factor of 1674342 and 1114.
1114
What is the greatest common factor of 1309 and 1886643?
187
What is the highest common divisor of 7 and 793786?
7
What is the greatest common factor of 11520533 and 131?
131
Calculate the greatest common divisor of 58482 and 243.
81
Calculate the highest common factor of 42174 and 18.
18
Calculate the greatest common divisor of 19071 and 80196.
489
What is the greatest common factor of 526 and 897619?
263
Calculate the greatest common divisor of 4368960 and 369.
369
Calculate the greatest common divisor of 18 and 25209.
9
What is the highest common factor of 1072 and 603?
67
What is the highest common divisor of 60 and 68384?
4
What is the highest common divisor of 15163 and 472?
59
Calculate the highest common divisor of 520 and 179595.
65
What is the highest common factor of 112090 and 4730?
110
What is the greatest common divisor of 28054 and 1411?
83
Calculate the greatest common factor of 438713 and 22.
11
What is the greatest common factor of 11776 and 800?
32
Calculate the greatest common divisor of 6 and 414912.
6
What is the highest common divisor of 451 and 202818?
11
What is the greatest common factor of 1477902 and 12?
6
What is the highest common divisor of 9 and 123366?
3
Calculate the greatest common divisor of 159 and 3322093.
53
Calculate the greatest common divisor of 432 and 156240.
144
Calculate the greatest common factor of 8476 and 377.
13
Calculate the highest common divisor of 285 and 544635.
285
What is the greatest common factor of 219 and 27?
3
Calculate the greatest common divisor of 2840 and 180.
20
Calculate the highest common divisor of 25455 and 120.
15
Calculate the highest common factor of 121836 and 429.
429
Calculate the highest common divisor of 388467 and 765.
153
Calculate the greatest common divisor of 148 and 811669.
37
What is the greatest common factor of 298878 and 10054?
914
What is the greatest common factor of 623960 and 760?
760
What is the greatest common divisor of 1053243 and 270?
27
What is the highest common divisor of 13357 and 169423?
703
Calculate the highest common divisor of 1248 and 8268.
156
What is the greatest common factor of 30675 and 525?
75
What is the highest common factor of 10478 and 62?
62
What is the greatest common divisor of 2314700 and 586?
586
Calculate the highest common factor of 88 and 479512.
88
What is the highest common factor of 59940 and 2080?
20
Calculate the highest common factor of 196729 and 65.
13
Calculate the greatest common divisor of 10216 and 8.
8
What is the greatest common divisor of 9043122 and 181?
181
Calculate the greatest common divisor of 2938 and 1040.
26
What is the highest common factor of 3942 and 10?
2
What is the greatest common factor of 9148 and 1024?
4
Calculate the highest common divisor of 77 and 847.
77
Calcu